[INFO] cloning repository https://github.com/ankjevel/tick-tock
[INFO] running `Command { std: "git" "-c" "credential.helper=" "-c" "credential.helper=/workspace/cargo-home/bin/git-credential-null" "clone" "--bare" "https://github.com/ankjevel/tick-tock" "/workspace/cache/git-repos/https%3A%2F%2Fgithub.com%2Fankjevel%2Ftick-tock", kill_on_drop: false }`
[INFO] [stderr] Cloning into bare repository '/workspace/cache/git-repos/https%3A%2F%2Fgithub.com%2Fankjevel%2Ftick-tock'...
[INFO] running `Command { std: "git" "rev-parse" "HEAD", kill_on_drop: false }`
[INFO] [stdout] f6a99858f4d8f937c380c6c28d59201e0389b3b5
[INFO] building ankjevel/tick-tock against master#ff34b919075f35a1787659e9c448a34b06bab8de for issue-85264
[INFO] running `Command { std: "git" "clone" "/workspace/cache/git-repos/https%3A%2F%2Fgithub.com%2Fankjevel%2Ftick-tock" "/workspace/builds/worker-4/source", kill_on_drop: false }`
[INFO] [stderr] Cloning into '/workspace/builds/worker-4/source'...
[INFO] [stderr] done.
[INFO] validating manifest of git repo https://github.com/ankjevel/tick-tock on toolchain ff34b919075f35a1787659e9c448a34b06bab8de
[INFO] running `Command { std: "/workspace/cargo-home/bin/cargo" "+ff34b919075f35a1787659e9c448a34b06bab8de" "metadata" "--manifest-path" "Cargo.toml" "--no-deps", kill_on_drop: false }`
[INFO] removed /workspace/builds/worker-4/source/.cargo/config
[INFO] started tweaking git repo https://github.com/ankjevel/tick-tock
[INFO] finished tweaking git repo https://github.com/ankjevel/tick-tock
[INFO] tweaked toml for git repo https://github.com/ankjevel/tick-tock written to /workspace/builds/worker-4/source/Cargo.toml
[INFO] crate git repo https://github.com/ankjevel/tick-tock already has a lockfile, it will not be regenerated
[INFO] running `Command { std: "/workspace/cargo-home/bin/cargo" "+ff34b919075f35a1787659e9c448a34b06bab8de" "fetch" "--manifest-path" "Cargo.toml", kill_on_drop: false }`
[INFO] running `Command { std: "docker" "create" "-v" "/var/lib/crater-agent-workspace/builds/worker-4/target:/opt/rustwide/target:rw,Z" "-v" "/var/lib/crater-agent-workspace/builds/worker-4/source:/opt/rustwide/workdir:ro,Z" "-v" "/var/lib/crater-agent-workspace/cargo-home:/opt/rustwide/cargo-home:ro,Z" "-v" "/var/lib/crater-agent-workspace/rustup-home:/opt/rustwide/rustup-home:ro,Z" "-e" "SOURCE_DIR=/opt/rustwide/workdir" "-e" "CARGO_TARGET_DIR=/opt/rustwide/target" "-e" "CARGO_HOME=/opt/rustwide/cargo-home" "-e" "RUSTUP_HOME=/opt/rustwide/rustup-home" "-w" "/opt/rustwide/workdir" "-m" "1610612736" "--user" "0:0" "--network" "none" "ghcr.io/rust-lang/crates-build-env/linux@sha256:20528e8c29e4536546f0102ce88568b16ea7538393a33fcca951030f7af10457" "/opt/rustwide/cargo-home/bin/cargo" "+ff34b919075f35a1787659e9c448a34b06bab8de" "metadata" "--no-deps" "--format-version=1", kill_on_drop: false }`
[INFO] [stderr] WARNING: Your kernel does not support swap limit capabilities or the cgroup is not mounted. Memory limited without swap.
[INFO] [stdout] ad75efec8e4ee627eaed6d75a7e2746f9eb5405e7f184702503f02061ab8bc9f
[INFO] running `Command { std: "docker" "start" "-a" "ad75efec8e4ee627eaed6d75a7e2746f9eb5405e7f184702503f02061ab8bc9f", kill_on_drop: false }`
[INFO] running `Command { std: "docker" "inspect" "ad75efec8e4ee627eaed6d75a7e2746f9eb5405e7f184702503f02061ab8bc9f", kill_on_drop: false }`
[INFO] running `Command { std: "docker" "rm" "-f" "ad75efec8e4ee627eaed6d75a7e2746f9eb5405e7f184702503f02061ab8bc9f", kill_on_drop: false }`
[INFO] [stdout] ad75efec8e4ee627eaed6d75a7e2746f9eb5405e7f184702503f02061ab8bc9f
[INFO] running `Command { std: "docker" "create" "-v" "/var/lib/crater-agent-workspace/builds/worker-4/target:/opt/rustwide/target:rw,Z" "-v" "/var/lib/crater-agent-workspace/builds/worker-4/source:/opt/rustwide/workdir:ro,Z" "-v" "/var/lib/crater-agent-workspace/cargo-home:/opt/rustwide/cargo-home:ro,Z" "-v" "/var/lib/crater-agent-workspace/rustup-home:/opt/rustwide/rustup-home:ro,Z" "-e" "SOURCE_DIR=/opt/rustwide/workdir" "-e" "CARGO_TARGET_DIR=/opt/rustwide/target" "-e" "CARGO_INCREMENTAL=0" "-e" "RUST_BACKTRACE=full" "-e" "RUSTFLAGS=--cap-lints=forbid" "-e" "CARGO_HOME=/opt/rustwide/cargo-home" "-e" "RUSTUP_HOME=/opt/rustwide/rustup-home" "-w" "/opt/rustwide/workdir" "-m" "1610612736" "--user" "0:0" "--network" "none" "ghcr.io/rust-lang/crates-build-env/linux@sha256:20528e8c29e4536546f0102ce88568b16ea7538393a33fcca951030f7af10457" "/opt/rustwide/cargo-home/bin/cargo" "+ff34b919075f35a1787659e9c448a34b06bab8de" "build" "--frozen" "--message-format=json", kill_on_drop: false }`
[INFO] [stdout] ae987d6a73a6fdf7e779456d080e22c2cc93ec37ef0ff7329bba2792b9e21ac8
[INFO] [stderr] WARNING: Your kernel does not support swap limit capabilities or the cgroup is not mounted. Memory limited without swap.
[INFO] running `Command { std: "docker" "start" "-a" "ae987d6a73a6fdf7e779456d080e22c2cc93ec37ef0ff7329bba2792b9e21ac8", kill_on_drop: false }`
[INFO] [stderr]    Compiling pkg-config v0.3.17
[INFO] [stderr]    Compiling proc-macro2 v1.0.7
[INFO] [stderr]    Compiling unicode-xid v0.2.0
[INFO] [stderr]    Compiling syn v1.0.13
[INFO] [stderr]    Compiling autocfg v0.1.7
[INFO] [stderr]    Compiling lazy_static v1.4.0
[INFO] [stderr]    Compiling cfg-if v0.1.10
[INFO] [stderr]    Compiling slab v0.4.2
[INFO] [stderr]    Compiling proc-macro-nested v0.1.3
[INFO] [stderr]    Compiling bitflags v1.2.1
[INFO] [stderr]    Compiling futures-io v0.3.1
[INFO] [stderr]    Compiling futures-task v0.3.1
[INFO] [stderr]    Compiling fnv v1.0.6
[INFO] [stderr]    Compiling semver-parser v0.7.0
[INFO] [stderr]    Compiling ryu v1.0.2
[INFO] [stderr]    Compiling pin-project-lite v0.1.2
[INFO] [stderr]    Compiling version_check v0.9.1
[INFO] [stderr]    Compiling foreign-types-shared v0.1.1
[INFO] [stderr]    Compiling gio v0.8.0
[INFO] [stderr]    Compiling matches v0.1.8
[INFO] [stderr]    Compiling httparse v1.3.4
[INFO] [stderr]    Compiling openssl-probe v0.1.2
[INFO] [stderr]    Compiling cairo-rs v0.8.0
[INFO] [stderr]    Compiling gdk-pixbuf v0.8.0
[INFO] [stderr]    Compiling try-lock v0.2.2
[INFO] [stderr]    Compiling version_check v0.1.5
[INFO] [stderr]    Compiling nodrop v0.1.14
[INFO] [stderr]    Compiling pango v0.8.0
[INFO] [stderr]    Compiling atk v0.8.0
[INFO] [stderr]    Compiling static_assertions v0.3.4
[INFO] [stderr]    Compiling tower-service v0.3.0
[INFO] [stderr]    Compiling gdk v0.12.0
[INFO] [stderr]    Compiling regex-syntax v0.6.12
[INFO] [stderr]    Compiling percent-encoding v2.1.0
[INFO] [stderr]    Compiling mime v0.3.16
[INFO] [stderr]    Compiling gtk v0.8.0
[INFO] [stderr]    Compiling base64 v0.11.0
[INFO] [stderr]    Compiling hmac-sha256 v0.1.2
[INFO] [stderr]    Compiling thread_local v0.3.6
[INFO] [stderr]    Compiling http v0.2.0
[INFO] [stderr]    Compiling arrayvec v0.4.12
[INFO] [stderr]    Compiling foreign-types v0.3.2
[INFO] [stderr]    Compiling unicode-bidi v0.3.4
[INFO] [stderr]    Compiling semver v0.9.0
[INFO] [stderr]    Compiling yaml-rust v0.4.3
[INFO] [stderr]    Compiling log v0.4.8
[INFO] [stderr]    Compiling indexmap v1.3.0
[INFO] [stderr]    Compiling num-traits v0.2.10
[INFO] [stderr]    Compiling linked-hash-map v0.3.0
[INFO] [stderr]    Compiling encoding_rs v0.8.22
[INFO] [stderr]    Compiling unicase v2.6.0
[INFO] [stderr]    Compiling iovec v0.1.4
[INFO] [stderr]    Compiling net2 v0.2.33
[INFO] [stderr]    Compiling num_cpus v1.11.1
[INFO] [stderr]    Compiling time v0.1.42
[INFO] [stderr]    Compiling dirs-sys v0.3.4
[INFO] [stderr]    Compiling aho-corasick v0.7.6
[INFO] [stderr]    Compiling toml v0.5.5
[INFO] [stderr]    Compiling glib-sys v0.9.1
[INFO] [stderr]    Compiling gobject-sys v0.9.1
[INFO] [stderr]    Compiling gio-sys v0.9.1
[INFO] [stderr]    Compiling cairo-sys-rs v0.9.2
[INFO] [stderr]    Compiling pango-sys v0.9.1
[INFO] [stderr]    Compiling gdk-pixbuf-sys v0.9.1
[INFO] [stderr]    Compiling openssl-sys v0.9.53
[INFO] [stderr]    Compiling atk-sys v0.9.1
[INFO] [stderr]    Compiling gdk-sys v0.9.1
[INFO] [stderr]    Compiling gtk-sys v0.9.2
[INFO] [stderr]    Compiling nom v5.1.0
[INFO] [stderr]    Compiling want v0.3.0
[INFO] [stderr]    Compiling idna v0.2.0
[INFO] [stderr]    Compiling serde_json v1.0.44
[INFO] [stderr]    Compiling rustc_version v0.2.3
[INFO] [stderr]    Compiling mio v0.6.21
[INFO] [stderr]    Compiling directories v2.0.2
[INFO] [stderr]    Compiling quote v1.0.2
[INFO] [stderr]    Compiling lexical-core v0.4.6
[INFO] [stderr]    Compiling url v2.1.0
[INFO] [stderr]    Compiling mime_guess v2.0.1
[INFO] [stderr]    Compiling openssl v0.10.26
[INFO] [stderr]    Compiling native-tls v0.2.3
[INFO] [stderr]    Compiling tokio v0.2.8
[INFO] [stderr]    Compiling regex v1.3.1
[INFO] [stderr]    Compiling num-traits v0.1.43
[INFO] [stderr]    Compiling http-body v0.3.1
[INFO] [stderr]    Compiling serde_urlencoded v0.6.1
[INFO] [stdout] error[E0308]: mismatched types
[INFO] [stdout]    --> /opt/rustwide/cargo-home/registry/src/github.com-1ecc6299db9ec823/lexical-core-0.4.6/src/atof/algorithm/bigcomp.rs:243:55
[INFO] [stdout]     |
[INFO] [stdout] 243 |     let nlz = den.leading_zeros().wrapping_sub(wlz) & (u32::BITS - 1);
[INFO] [stdout]     |                                                       ^^^^^^^^^^^^^^^ expected `usize`, found `u32`
[INFO] [stdout] 
[INFO] [stdout] 
[INFO] [stdout] error[E0277]: no implementation for `usize & u32`
[INFO] [stdout]    --> /opt/rustwide/cargo-home/registry/src/github.com-1ecc6299db9ec823/lexical-core-0.4.6/src/atof/algorithm/bigcomp.rs:243:53
[INFO] [stdout]     |
[INFO] [stdout] 243 |     let nlz = den.leading_zeros().wrapping_sub(wlz) & (u32::BITS - 1);
[INFO] [stdout]     |                                                     ^ no implementation for `usize & u32`
[INFO] [stdout]     |
[INFO] [stdout]     = help: the trait `BitAnd<u32>` is not implemented for `usize`
[INFO] [stdout] 
[INFO] [stdout] 
[INFO] [stdout] error[E0308]: mismatched types
[INFO] [stdout]    --> /opt/rustwide/cargo-home/registry/src/github.com-1ecc6299db9ec823/lexical-core-0.4.6/src/atof/algorithm/bigcomp.rs:261:40
[INFO] [stdout]     |
[INFO] [stdout] 261 |         let (q, r) = shift.ceil_divmod(Limb::BITS);
[INFO] [stdout]     |                                        ^^^^^^^^^^ expected `usize`, found `u32`
[INFO] [stdout]     |
[INFO] [stdout] help: you can convert a `u32` to a `usize` and panic if the converted value doesn't fit
[INFO] [stdout]     |
[INFO] [stdout] 261 |         let (q, r) = shift.ceil_divmod(Limb::BITS.try_into().unwrap());
[INFO] [stdout]     |                                        ^^^^^^^^^^^^^^^^^^^^^^^^^^^^^^
[INFO] [stdout] 
[INFO] [stdout] 
[INFO] [stdout] error[E0308]: mismatched types
[INFO] [stdout]   --> /opt/rustwide/cargo-home/registry/src/github.com-1ecc6299db9ec823/lexical-core-0.4.6/src/atof/algorithm/bigint.rs:85:24
[INFO] [stdout]    |
[INFO] [stdout] 85 |     let bytes = bits / Limb::BITS;
[INFO] [stdout]    |                        ^^^^^^^^^^ expected `usize`, found `u32`
[INFO] [stdout] 
[INFO] [stdout] 
[INFO] [stdout] error[E0277]: cannot divide `usize` by `u32`
[INFO] [stdout]   --> /opt/rustwide/cargo-home/registry/src/github.com-1ecc6299db9ec823/lexical-core-0.4.6/src/atof/algorithm/bigint.rs:85:22
[INFO] [stdout]    |
[INFO] [stdout] 85 |     let bytes = bits / Limb::BITS;
[INFO] [stdout]    |                      ^ no implementation for `usize / u32`
[INFO] [stdout]    |
[INFO] [stdout]    = help: the trait `Div<u32>` is not implemented for `usize`
[INFO] [stdout] 
[INFO] [stdout] 
[INFO] [stdout] error[E0308]: mismatched types
[INFO] [stdout]     --> /opt/rustwide/cargo-home/registry/src/github.com-1ecc6299db9ec823/lexical-core-0.4.6/src/atof/algorithm/math.rs:1045:42
[INFO] [stdout]      |
[INFO] [stdout] 1045 |     let mut count = index.saturating_mul(Limb::BITS);
[INFO] [stdout]      |                                          ^^^^^^^^^^ expected `usize`, found `u32`
[INFO] [stdout]      |
[INFO] [stdout] help: you can convert a `u32` to a `usize` and panic if the converted value doesn't fit
[INFO] [stdout]      |
[INFO] [stdout] 1045 |     let mut count = index.saturating_mul(Limb::BITS.try_into().unwrap());
[INFO] [stdout]      |                                          ^^^^^^^^^^^^^^^^^^^^^^^^^^^^^^
[INFO] [stdout] 
[INFO] [stdout] 
[INFO] [stdout] error[E0308]: mismatched types
[INFO] [stdout]     --> /opt/rustwide/cargo-home/registry/src/github.com-1ecc6299db9ec823/lexical-core-0.4.6/src/atof/algorithm/math.rs:1060:28
[INFO] [stdout]      |
[INFO] [stdout] 1060 |     Limb::BITS.checked_mul(x.len())
[INFO] [stdout]      |                            ^^^^^^^ expected `u32`, found `usize`
[INFO] [stdout]      |
[INFO] [stdout] help: you can convert a `usize` to a `u32` and panic if the converted value doesn't fit
[INFO] [stdout]      |
[INFO] [stdout] 1060 |     Limb::BITS.checked_mul(x.len().try_into().unwrap())
[INFO] [stdout]      |                            ^^^^^^^^^^^^^^^^^^^^^^^^^^^
[INFO] [stdout] 
[INFO] [stdout] 
[INFO] [stdout] error[E0308]: mismatched types
[INFO] [stdout]     --> /opt/rustwide/cargo-home/registry/src/github.com-1ecc6299db9ec823/lexical-core-0.4.6/src/atof/algorithm/math.rs:1061:22
[INFO] [stdout]      |
[INFO] [stdout] 1061 |         .map(|v| v - nlz)
[INFO] [stdout]      |                      ^^^ expected `u32`, found `usize`
[INFO] [stdout] 
[INFO] [stdout] 
[INFO] [stdout] error[E0277]: cannot subtract `usize` from `u32`
[INFO] [stdout]     --> /opt/rustwide/cargo-home/registry/src/github.com-1ecc6299db9ec823/lexical-core-0.4.6/src/atof/algorithm/math.rs:1061:20
[INFO] [stdout]      |
[INFO] [stdout] 1061 |         .map(|v| v - nlz)
[INFO] [stdout]      |                    ^ no implementation for `u32 - usize`
[INFO] [stdout]      |
[INFO] [stdout]      = help: the trait `Sub<usize>` is not implemented for `u32`
[INFO] [stdout] 
[INFO] [stdout] 
[INFO] [stdout] error[E0308]: mismatched types
[INFO] [stdout]     --> /opt/rustwide/cargo-home/registry/src/github.com-1ecc6299db9ec823/lexical-core-0.4.6/src/atof/algorithm/math.rs:1062:20
[INFO] [stdout]      |
[INFO] [stdout] 1062 |         .unwrap_or(usize::max_value())
[INFO] [stdout]      |                    ^^^^^^^^^^^^^^^^^^ expected `u32`, found `usize`
[INFO] [stdout]      |
[INFO] [stdout] help: you can convert a `usize` to a `u32` and panic if the converted value doesn't fit
[INFO] [stdout]      |
[INFO] [stdout] 1062 |         .unwrap_or(usize::max_value().try_into().unwrap())
[INFO] [stdout]      |                    ^^^^^^^^^^^^^^^^^^^^^^^^^^^^^^^^^^^^^^
[INFO] [stdout] 
[INFO] [stdout] 
[INFO] [stdout] error[E0308]: mismatched types
[INFO] [stdout]     --> /opt/rustwide/cargo-home/registry/src/github.com-1ecc6299db9ec823/lexical-core-0.4.6/src/atof/algorithm/math.rs:1060:5
[INFO] [stdout]      |
[INFO] [stdout] 1056 |   pub fn bit_length(x: &[Limb]) -> usize {
[INFO] [stdout]      |                                    ----- expected `usize` because of return type
[INFO] [stdout] ...
[INFO] [stdout] 1060 | /     Limb::BITS.checked_mul(x.len())
[INFO] [stdout] 1061 | |         .map(|v| v - nlz)
[INFO] [stdout] 1062 | |         .unwrap_or(usize::max_value())
[INFO] [stdout]      | |______________________________________^ expected `usize`, found `u32`
[INFO] [stdout]      |
[INFO] [stdout] help: you can convert a `u32` to a `usize` and panic if the converted value doesn't fit
[INFO] [stdout]      |
[INFO] [stdout] 1060 |     Limb::BITS.checked_mul(x.len())
[INFO] [stdout] 1061 |         .map(|v| v - nlz)
[INFO] [stdout] 1062 |         .unwrap_or(usize::max_value()).try_into().unwrap()
[INFO] [stdout]      |
[INFO] [stdout] 
[INFO] [stdout] 
[INFO] [stdout] error[E0308]: mismatched types
[INFO] [stdout]     --> /opt/rustwide/cargo-home/registry/src/github.com-1ecc6299db9ec823/lexical-core-0.4.6/src/atof/algorithm/math.rs:1087:23
[INFO] [stdout]      |
[INFO] [stdout] 1087 |     debug_assert!(n < bits && n != 0);
[INFO] [stdout]      |                       ^^^^ expected `usize`, found `u32`
[INFO] [stdout]      |
[INFO] [stdout] help: you can convert a `u32` to a `usize` and panic if the converted value doesn't fit
[INFO] [stdout]      |
[INFO] [stdout] 1087 |     debug_assert!(n < bits.try_into().unwrap() && n != 0);
[INFO] [stdout]      |                       ^^^^^^^^^^^^^^^^^^^^^^^^
[INFO] [stdout] 
[INFO] [stdout] 
[INFO] [stdout] error[E0308]: mismatched types
[INFO] [stdout]     --> /opt/rustwide/cargo-home/registry/src/github.com-1ecc6299db9ec823/lexical-core-0.4.6/src/atof/algorithm/math.rs:1094:25
[INFO] [stdout]      |
[INFO] [stdout] 1094 |     let lshift = bits - n;
[INFO] [stdout]      |                         ^ expected `u32`, found `usize`
[INFO] [stdout] 
[INFO] [stdout] 
[INFO] [stdout] error[E0277]: cannot subtract `usize` from `u32`
[INFO] [stdout]     --> /opt/rustwide/cargo-home/registry/src/github.com-1ecc6299db9ec823/lexical-core-0.4.6/src/atof/algorithm/math.rs:1094:23
[INFO] [stdout]      |
[INFO] [stdout] 1094 |     let lshift = bits - n;
[INFO] [stdout]      |                       ^ no implementation for `u32 - usize`
[INFO] [stdout]      |
[INFO] [stdout]      = help: the trait `Sub<usize>` is not implemented for `u32`
[INFO] [stdout] 
[INFO] [stdout] 
[INFO] [stdout] error[E0308]: mismatched types
[INFO] [stdout]     --> /opt/rustwide/cargo-home/registry/src/github.com-1ecc6299db9ec823/lexical-core-0.4.6/src/atof/algorithm/math.rs:1135:19
[INFO] [stdout]      |
[INFO] [stdout] 1135 |     let rem = n % bits;
[INFO] [stdout]      |                   ^^^^ expected `usize`, found `u32`
[INFO] [stdout] 
[INFO] [stdout] 
[INFO] [stdout] error[E0277]: cannot mod `usize` by `u32`
[INFO] [stdout]     --> /opt/rustwide/cargo-home/registry/src/github.com-1ecc6299db9ec823/lexical-core-0.4.6/src/atof/algorithm/math.rs:1135:17
[INFO] [stdout]      |
[INFO] [stdout] 1135 |     let rem = n % bits;
[INFO] [stdout]      |                 ^ no implementation for `usize % u32`
[INFO] [stdout]      |
[INFO] [stdout]      = help: the trait `Rem<u32>` is not implemented for `usize`
[INFO] [stdout] 
[INFO] [stdout] 
[INFO] [stdout] error[E0308]: mismatched types
[INFO] [stdout]     --> /opt/rustwide/cargo-home/registry/src/github.com-1ecc6299db9ec823/lexical-core-0.4.6/src/atof/algorithm/math.rs:1136:19
[INFO] [stdout]      |
[INFO] [stdout] 1136 |     let div = n / bits;
[INFO] [stdout]      |                   ^^^^ expected `usize`, found `u32`
[INFO] [stdout] 
[INFO] [stdout] 
[INFO] [stdout] error[E0277]: cannot divide `usize` by `u32`
[INFO] [stdout]     --> /opt/rustwide/cargo-home/registry/src/github.com-1ecc6299db9ec823/lexical-core-0.4.6/src/atof/algorithm/math.rs:1136:17
[INFO] [stdout]      |
[INFO] [stdout] 1136 |     let div = n / bits;
[INFO] [stdout]      |                 ^ no implementation for `usize / u32`
[INFO] [stdout]      |
[INFO] [stdout]      = help: the trait `Div<u32>` is not implemented for `usize`
[INFO] [stdout] 
[INFO] [stdout] 
[INFO] [stdout] error[E0308]: mismatched types
[INFO] [stdout]     --> /opt/rustwide/cargo-home/registry/src/github.com-1ecc6299db9ec823/lexical-core-0.4.6/src/atof/algorithm/math.rs:1192:23
[INFO] [stdout]      |
[INFO] [stdout] 1192 |     debug_assert!(n < bits);
[INFO] [stdout]      |                       ^^^^ expected `usize`, found `u32`
[INFO] [stdout]      |
[INFO] [stdout] help: you can convert a `u32` to a `usize` and panic if the converted value doesn't fit
[INFO] [stdout]      |
[INFO] [stdout] 1192 |     debug_assert!(n < bits.try_into().unwrap());
[INFO] [stdout]      |                       ^^^^^^^^^^^^^^^^^^^^^^^^
[INFO] [stdout] 
[INFO] [stdout] 
[INFO] [stdout] error[E0308]: mismatched types
[INFO] [stdout]     --> /opt/rustwide/cargo-home/registry/src/github.com-1ecc6299db9ec823/lexical-core-0.4.6/src/atof/algorithm/math.rs:1202:25
[INFO] [stdout]      |
[INFO] [stdout] 1202 |     let rshift = bits - n;
[INFO] [stdout]      |                         ^ expected `u32`, found `usize`
[INFO] [stdout] 
[INFO] [stdout] 
[INFO] [stdout] error[E0277]: cannot subtract `usize` from `u32`
[INFO] [stdout]     --> /opt/rustwide/cargo-home/registry/src/github.com-1ecc6299db9ec823/lexical-core-0.4.6/src/atof/algorithm/math.rs:1202:23
[INFO] [stdout]      |
[INFO] [stdout] 1202 |     let rshift = bits - n;
[INFO] [stdout]      |                       ^ no implementation for `u32 - usize`
[INFO] [stdout]      |
[INFO] [stdout]      = help: the trait `Sub<usize>` is not implemented for `u32`
[INFO] [stdout] 
[INFO] [stdout] 
[INFO] [stdout] error[E0308]: mismatched types
[INFO] [stdout]     --> /opt/rustwide/cargo-home/registry/src/github.com-1ecc6299db9ec823/lexical-core-0.4.6/src/atof/algorithm/math.rs:1254:19
[INFO] [stdout]      |
[INFO] [stdout] 1254 |     let rem = n % bits;
[INFO] [stdout]      |                   ^^^^ expected `usize`, found `u32`
[INFO] [stdout] 
[INFO] [stdout] 
[INFO] [stdout] error[E0277]: cannot mod `usize` by `u32`
[INFO] [stdout]     --> /opt/rustwide/cargo-home/registry/src/github.com-1ecc6299db9ec823/lexical-core-0.4.6/src/atof/algorithm/math.rs:1254:17
[INFO] [stdout]      |
[INFO] [stdout] 1254 |     let rem = n % bits;
[INFO] [stdout]      |                 ^ no implementation for `usize % u32`
[INFO] [stdout]      |
[INFO] [stdout]      = help: the trait `Rem<u32>` is not implemented for `usize`
[INFO] [stdout] 
[INFO] [stdout] 
[INFO] [stdout] error[E0308]: mismatched types
[INFO] [stdout]     --> /opt/rustwide/cargo-home/registry/src/github.com-1ecc6299db9ec823/lexical-core-0.4.6/src/atof/algorithm/math.rs:1255:19
[INFO] [stdout]      |
[INFO] [stdout] 1255 |     let div = n / bits;
[INFO] [stdout]      |                   ^^^^ expected `usize`, found `u32`
[INFO] [stdout] 
[INFO] [stdout] 
[INFO] [stdout] error[E0277]: cannot divide `usize` by `u32`
[INFO] [stdout]     --> /opt/rustwide/cargo-home/registry/src/github.com-1ecc6299db9ec823/lexical-core-0.4.6/src/atof/algorithm/math.rs:1255:17
[INFO] [stdout]      |
[INFO] [stdout] 1255 |     let div = n / bits;
[INFO] [stdout]      |                 ^ no implementation for `usize / u32`
[INFO] [stdout]      |
[INFO] [stdout]      = help: the trait `Div<u32>` is not implemented for `usize`
[INFO] [stdout] 
[INFO] [stdout] 
[INFO] [stdout] error[E0308]: mismatched types
[INFO] [stdout]     --> /opt/rustwide/cargo-home/registry/src/github.com-1ecc6299db9ec823/lexical-core-0.4.6/src/atof/algorithm/math.rs:2066:27
[INFO] [stdout]      |
[INFO] [stdout] 2066 |     let rs = Limb::BITS - s;
[INFO] [stdout]      |                           ^ expected `u32`, found `usize`
[INFO] [stdout] 
[INFO] [stdout] 
[INFO] [stdout] error[E0277]: cannot subtract `usize` from `u32`
[INFO] [stdout]     --> /opt/rustwide/cargo-home/registry/src/github.com-1ecc6299db9ec823/lexical-core-0.4.6/src/atof/algorithm/math.rs:2066:25
[INFO] [stdout]      |
[INFO] [stdout] 2066 |     let rs = Limb::BITS - s;
[INFO] [stdout]      |                         ^ no implementation for `u32 - usize`
[INFO] [stdout]      |
[INFO] [stdout]      = help: the trait `Sub<usize>` is not implemented for `u32`
[INFO] [stdout] 
[INFO] [stdout] 
[INFO] [stdout] error: aborting due to 27 previous errors
[INFO] [stdout] 
[INFO] [stdout] 
[INFO] [stdout] Some errors have detailed explanations: E0277, E0308.
[INFO] [stdout] 
[INFO] [stdout] For more information about an error, try `rustc --explain E0277`.
[INFO] [stdout] 
[INFO] [stderr] error: could not compile `lexical-core`
[INFO] [stderr] 
[INFO] [stderr] To learn more, run the command again with --verbose.
[INFO] [stderr] warning: build failed, waiting for other jobs to finish...
[INFO] [stderr] error: build failed
[INFO] running `Command { std: "docker" "inspect" "ae987d6a73a6fdf7e779456d080e22c2cc93ec37ef0ff7329bba2792b9e21ac8", kill_on_drop: false }`
[INFO] running `Command { std: "docker" "rm" "-f" "ae987d6a73a6fdf7e779456d080e22c2cc93ec37ef0ff7329bba2792b9e21ac8", kill_on_drop: false }`
[INFO] [stdout] ae987d6a73a6fdf7e779456d080e22c2cc93ec37ef0ff7329bba2792b9e21ac8
